{"id":26,"date":"2023-12-12T16:41:43","date_gmt":"2023-12-12T19:41:43","guid":{"rendered":"https:\/\/wordpress.samanthamaiaduarte.com\/lojaefree\/?post_type=product&#038;p=26"},"modified":"2023-12-12T23:52:55","modified_gmt":"2023-12-13T02:52:55","slug":"2-pecas-anel-prata-ou-dourado-com-decoracao-de-zirconia","status":"publish","type":"product","link":"https:\/\/wordpress.samanthamaiaduarte.com\/lojaefree\/produto\/2-pecas-anel-prata-ou-dourado-com-decoracao-de-zirconia\/","title":{"rendered":"2 PE\u00c7AS ANEL PRATA OU DOURADO COM DECORA\u00c7\u00c3O DE ZIRC\u00d4NIA"},"content":{"rendered":"","protected":false},"excerpt":{"rendered":"","protected":false},"featured_media":29,"comment_status":"open","ping_status":"closed","template":"","meta":[],"product_cat":[21,22],"product_tag":[],"_links":{"self":[{"href":"https:\/\/wordpress.samanthamaiaduarte.com\/lojaefree\/wp-json\/wp\/v2\/product\/26"}],"collection":[{"href":"https:\/\/wordpress.samanthamaiaduarte.com\/lojaefree\/wp-json\/wp\/v2\/product"}],"about":[{"href":"https:\/\/wordpress.samanthamaiaduarte.com\/lojaefree\/wp-json\/wp\/v2\/types\/product"}],"replies":[{"embeddable":true,"href":"https:\/\/wordpress.samanthamaiaduarte.com\/lojaefree\/wp-json\/wp\/v2\/comments?post=26"}],"wp:featuredmedia":[{"embeddable":true,"href":"https:\/\/wordpress.samanthamaiaduarte.com\/lojaefree\/wp-json\/wp\/v2\/media\/29"}],"wp:attachment":[{"href":"https:\/\/wordpress.samanthamaiaduarte.com\/lojaefree\/wp-json\/wp\/v2\/media?parent=26"}],"wp:term":[{"taxonomy":"product_cat","embeddable":true,"href":"https:\/\/wordpress.samanthamaiaduarte.com\/lojaefree\/wp-json\/wp\/v2\/product_cat?post=26"},{"taxonomy":"product_tag","embeddable":true,"href":"https:\/\/wordpress.samanthamaiaduarte.com\/lojaefree\/wp-json\/wp\/v2\/product_tag?post=26"}],"curies":[{"name":"wp","href":"https:\/\/api.w.org\/{rel}","templated":true}]}}